{"id":1396,"date":"2025-08-17T08:50:34","date_gmt":"2025-08-17T08:50:34","guid":{"rendered":"https:\/\/cumhuriyetveistiklalpartisi.org\/?page_id=1396"},"modified":"2025-08-17T10:34:26","modified_gmt":"2025-08-17T10:34:26","slug":"dis-ticaret-politikasi","status":"publish","type":"page","link":"https:\/\/cumhuriyetveistiklalpartisi.org\/?page_id=1396","title":{"rendered":"D\u0131\u015f Ticaret Politikas\u0131"},"content":{"rendered":"\n<p>T\u00fcrkiye Cumhuriyeti D\u0131\u015f Ticaret konusunda politika \u00fcretmede son derece yetersiz kalmaktad\u0131r. bunu y\u0131llara sair \u015fekilde g\u00f6zlemlemek m\u00fcmk\u00fcnd\u00fcr. g\u00fcn\u00fcm\u00fczde dahi rakamlar\u0131n matematiksel bir \u015fekilde artt\u0131\u011f\u0131 d\u00fcnyada 1990&#8217;s lar rakamlar\u0131n\u0131 \u00f6v\u00fcn\u00e7 vesilesi gibi ihracat rakamlar\u0131 a\u00e7\u0131klayarak \u00f6v\u00fcnen bir h\u00fck\u00fcmet g\u00f6rmekteyiz. <\/p>\n\n\n\n<p>A\u015fa\u011f\u0131da g\u00f6r\u00fcnen 2025 a\u011fustos tarihli a\u00e7\u0131klamada 357 milyar usd ithalata kar\u015f\u0131n 269 milyar usd ihracat ile 88 Milyar USD ile Tarihimizin en b\u00fcy\u00fck D\u0131\u015f a\u00e7\u0131\u011f\u0131n\u0131 vermemize ra\u011fmen bir ba\u015far\u0131 hikayesi gibi anlat\u0131lm\u0131\u015f bir video g\u00f6receksiniz. Halk\u0131n zeka seviyesi ile dalga ge\u00e7ilmi\u015ftir. Alg\u0131 ve fark\u0131ndal\u0131\u011f\u0131m\u0131z\u0131n dizilerle e\u011fitim sistemi ile manip\u00fcle edildi\u011fi bu d\u00f6nemde ars\u0131zl\u0131\u011f\u0131n b\u00f6ylesini cehalet veya ihanetle a\u00e7\u0131klanabilece\u011fini unutmamak gerekir. <\/p>\n\n\n\n<figure class=\"wp-block-embed is-type-video is-provider-youtube wp-block-embed-youtube wp-embed-aspect-16-9 wp-has-aspect-ratio\"><div class=\"wp-block-embed__wrapper\">\n<iframe loading=\"lazy\" title=\"\u0130HRACATTA TAR\u0130H\u0130 REKOR\" width=\"640\" height=\"360\" src=\"https:\/\/www.youtube.com\/embed\/xgMUinlybTo?feature=oembed\" frameborder=\"0\" allow=\"accelerometer; autoplay; clipboard-write; encrypted-media; gyroscope; picture-in-picture; web-share\" referrerpolicy=\"strict-origin-when-cross-origin\" allowfullscreen><\/iframe>\n<\/div><\/figure>\n\n\n\n<p><strong>88 Milyar USD d\u0131\u015f Ticaret A\u00e7\u0131\u011f\u0131 Fakirlik ve hayat pahal\u0131l\u0131\u011f\u0131n\u0131n nedenleri aras\u0131ndad\u0131r.<\/strong><\/p>\n\n\n\n<p>denk bir ihracat dengesi yakalamak i\u00e7in ilk \u00f6nce enerji verimlili\u011fini art\u0131rmak ilerici at\u0131l\u0131m hamlesine giri\u015fmeden \u00f6nce be\u015fer y\u0131ll\u0131k periyotlar ile geli\u015fen \u00e7a\u011f\u0131 yakalamak gerekti\u011fine inanmaktay\u0131z. sanayi casuslu\u011funa \u00f6ncelik verip yurt d\u0131\u015f\u0131 e\u011fitim deste\u011fi sa\u011flamak suretiyle \u00f6\u011frenci programlar\u0131 yeti\u015ftirmeliyiz. T\u00fcrkiye Cumhuriyeti Enerji alan\u0131nda elektrik fakiri bir \u00fclkedir. hidroelektrik santralleri bu enerjimizin %31inin kar\u015f\u0131lamaktad\u0131r. kurakl\u0131k tehdidine kar\u015f\u0131n bu oran\u0131n %10nun alt\u0131na d\u00fc\u015fmesi demek \u00fclkedeki elektrik ve do\u011falgaz\u0131n hatta k\u00f6m\u00fcr\u00fcn bile %500 art\u0131\u015f\u0131 demektir. hane halk\u0131n\u0131n mikro ekonomisini ilgilendirmesi sebebi ile emek ve i\u015fg\u00fcc\u00fc ihra\u00e7 eden i\u015f-memur vatanda\u015flar\u0131m\u0131z\u0131n konuya dikkat kesilmesi gerekmektedir. G\u00fcnde 70 Milyon T\u00fcrk Liras\u0131 kom\u015fu \u00fclkelerden elektrik ithal etmekteyiz. bu durum olduk\u00e7a ac\u0131nas\u0131 bir durumdur. evet ara mallar s\u0131n\u0131f\u0131nda y\u00fcklenici konumda olmam\u0131za ra\u011fmen \u00fcretebilece\u011fimiz mallar var \u00fcretemeyece\u011fimiz mallar var. ama elektrik bunlarlar biri asla olamaz. denk bir d\u0131\u015f ticaret dengesi olmazsa olmaz\u0131m\u0131zd\u0131r. ihtiya\u00e7 s\u0131ralamas\u0131na g\u00f6re baz\u0131 ikame mal ve hizmetlerde \u015fartlar olu\u015fana kadar &#8220;kota&#8221; devreye al\u0131nabilir. \u00f6zelikle 5 milyar dolar i\u00e7in tar\u0131m \u00fcr\u00fcnlerinin ihrac\u0131 son derece anlams\u0131zd\u0131r.<\/p>\n","protected":false},"excerpt":{"rendered":"<p>T\u00fcrkiye Cumhuriyeti D\u0131\u015f Ticaret konusunda politika \u00fcretmede son derece yetersiz kalmaktad\u0131r. bunu y\u0131llara sair \u015fekilde g\u00f6zlemlemek m\u00fcmk\u00fcnd\u00fcr. g\u00fcn\u00fcm\u00fczde dahi rakamlar\u0131n matematiksel bir \u015fekilde artt\u0131\u011f\u0131 d\u00fcnyada 1990&#8217;s lar rakamlar\u0131n\u0131 \u00f6v\u00fcn\u00e7 vesilesi gibi ihracat rakamlar\u0131 a\u00e7\u0131klayarak \u00f6v\u00fcnen bir h\u00fck\u00fcmet g\u00f6rmekteyiz. A\u015fa\u011f\u0131da g\u00f6r\u00fcnen 2025 a\u011fustos tarihli a\u00e7\u0131klamada 357 milyar usd ithalata kar\u015f\u0131n 269 milyar usd ihracat ile 88 [&hellip;]<\/p>\n","protected":false},"author":1,"featured_media":0,"parent":0,"menu_order":0,"comment_status":"closed","ping_status":"closed","template":"","meta":{"footnotes":""},"class_list":["post-1396","page","type-page","status-publish","hentry"],"_links":{"self":[{"href":"https:\/\/cumhuriyetveistiklalpartisi.org\/index.php?rest_route=\/wp\/v2\/pages\/1396","targetHints":{"allow":["GET"]}}],"collection":[{"href":"https:\/\/cumhuriyetveistiklalpartisi.org\/index.php?rest_route=\/wp\/v2\/pages"}],"about":[{"href":"https:\/\/cumhuriyetveistiklalpartisi.org\/index.php?rest_route=\/wp\/v2\/types\/page"}],"author":[{"embeddable":true,"href":"https:\/\/cumhuriyetveistiklalpartisi.org\/index.php?rest_route=\/wp\/v2\/users\/1"}],"replies":[{"embeddable":true,"href":"https:\/\/cumhuriyetveistiklalpartisi.org\/index.php?rest_route=%2Fwp%2Fv2%2Fcomments&post=1396"}],"version-history":[{"count":8,"href":"https:\/\/cumhuriyetveistiklalpartisi.org\/index.php?rest_route=\/wp\/v2\/pages\/1396\/revisions"}],"predecessor-version":[{"id":1464,"href":"https:\/\/cumhuriyetveistiklalpartisi.org\/index.php?rest_route=\/wp\/v2\/pages\/1396\/revisions\/1464"}],"wp:attachment":[{"href":"https:\/\/cumhuriyetveistiklalpartisi.org\/index.php?rest_route=%2Fwp%2Fv2%2Fmedia&parent=1396"}],"curies":[{"name":"wp","href":"https:\/\/api.w.org\/{rel}","templated":true}]}}