{"id":15,"date":"2020-11-02T07:45:11","date_gmt":"2020-11-02T07:45:11","guid":{"rendered":"http:\/\/cumhuriyetveistiklalpartisi.org\/?page_id=15"},"modified":"2025-08-06T06:15:21","modified_gmt":"2025-08-06T06:15:21","slug":"parti-tuzugu","status":"publish","type":"page","link":"https:\/\/cumhuriyetveistiklalpartisi.org\/?page_id=15","title":{"rendered":"Parti T\u00fcz\u00fc\u011f\u00fc"},"content":{"rendered":"\n<div data-wp-interactive=\"core\/file\" class=\"wp-block-file\"><object data-wp-bind--hidden=\"!state.hasPdfPreview\" hidden class=\"wp-block-file__embed\" data=\"https:\/\/cumhuriyetveistiklalpartisi.org\/wp-content\/uploads\/2025\/08\/cip-tuzuk.pdf\" type=\"application\/pdf\" style=\"width:100%;height:600px\" aria-label=\"cip-tuzuk g\u00f6m\u00fcs\u00fc.\"><\/object><a id=\"wp-block-file--media-ecc62f00-b186-498a-9574-f3b747281e03\" href=\"https:\/\/cumhuriyetveistiklalpartisi.org\/wp-content\/uploads\/2025\/08\/cip-tuzuk.pdf\">cip-tuzuk<\/a><a href=\"https:\/\/cumhuriyetveistiklalpartisi.org\/wp-content\/uploads\/2025\/08\/cip-tuzuk.pdf\" class=\"wp-block-file__button wp-element-button\" download aria-describedby=\"wp-block-file--media-ecc62f00-b186-498a-9574-f3b747281e03\">\u0130ndir<\/a><\/div>\n\n\n\n<p><\/p>\n\n\n\n<p><strong>Cumhuriyet ve \u0130stikl\u00e2l Partisi&#8217;nin amac\u0131<\/strong>;<\/p>\n\n\n\n<p>Ulusal Egemenli\u011fin kay\u0131ts\u0131z \u015farts\u0131z T\u00fcrk Milletine ait oldu\u011fu, bu ilke Do\u011frultusunda Siyasi bir olu\u015fumun \u00f6nc\u00fcs\u00fc olan Partimizin Esas Amac\u0131 Milli Egemenli\u011fimizi \u0130drak Etmek ve Onu Do\u011frudan Do\u011fruya Halk\u0131n Eline Vermek Halk\u0131n Elinde Tutabilece\u011fimizi Ger\u00e7ekten \u0130spat Etmi\u015f Olmakt\u0131r.<\/p>\n\n\n\n<p>Milletin asaleten Hizmet i\u00e7in yetkilendirdi\u011fi ki\u015filerin vekaleten y\u00f6netti\u011fi bir devlet yap\u0131lanmas\u0131n\u0131 zaruri g\u00f6r\u00fcr. Bunun i\u00e7in Milletin ad\u0131na egemenlik yetkisi kullanan ki\u015fi, kurum ve kurulu\u015flar\u0131n yetki kullan\u0131mlar\u0131nda Millet Milletinin Refah ve Huzuru sa\u011flamay\u0131 ama\u00e7lar.<\/p>\n\n\n\n<p>Ulusun Devletinin Y\u00f6netim \u015eekli olan Millet Egemenli\u011fini G\u00fc\u00e7lendirmek ve Ebedile\u015ftirmek ad\u0131na; Bu Ulusu olu\u015fturan Milletin Sosyal ve Ekonomik Huzur ve Refah\u0131 ad\u0131na Do\u011fumundan Emeklili\u011fine De\u011fin Radikal Kararlar almaya \u0130nan\u0131r.<\/p>\n\n\n\n<p>Milli Egemenlik S\u0131n\u0131rlar\u0131n\u0131n i\u00e7inde bulunan \u0130nsanlar\u0131n, \u0130nsan gibi ya\u015famas\u0131n\u0131 gere\u011fi olan devletin ilgili kurumlar\u0131n\u0131n seferber edilmesini sa\u011flamak ad\u0131na Millet\/Toplum meclisinin \u0130leti\u015fimini Sa\u011flamak.<\/p>\n\n\n\n<p>Bireylerin inand\u0131klar\u0131 gibi ya\u015fama, kendini ifade etme kapsam\u0131nda d\u00fc\u015f\u00fcnd\u00fcklerini yaz\u0131 ya da g\u00f6rsel olarak hukuk ve ahlaka uygun olarak payla\u015fmas\u0131n\u0131 ama\u00e7lar. Cumhuriyet ve \u0130stiklal Partisi Ele\u015ftiri ve Fikirler sayesinde Milletin Huzurun ve Refah\u0131n\u0131 daha ileriye ta\u015f\u0131yaca\u011f\u0131na inan\u0131r.<\/p>\n\n\n\n<p>Davam\u0131z\u0131n T\u00f6reye Uygunlu\u011fu ve Kutsall\u0131\u011f\u0131, Allah&#8217;dan Sonra En b\u00fcy\u00fck Deste\u011fimizdir.<\/p>\n","protected":false},"excerpt":{"rendered":"<p>Cumhuriyet ve \u0130stikl\u00e2l Partisi&#8217;nin amac\u0131; Ulusal Egemenli\u011fin kay\u0131ts\u0131z \u015farts\u0131z T\u00fcrk Milletine ait oldu\u011fu, bu ilke Do\u011frultusunda Siyasi bir olu\u015fumun \u00f6nc\u00fcs\u00fc olan Partimizin Esas Amac\u0131 Milli Egemenli\u011fimizi \u0130drak Etmek ve Onu Do\u011frudan Do\u011fruya Halk\u0131n Eline Vermek Halk\u0131n Elinde Tutabilece\u011fimizi Ger\u00e7ekten \u0130spat Etmi\u015f Olmakt\u0131r. Milletin asaleten Hizmet i\u00e7in yetkilendirdi\u011fi ki\u015filerin vekaleten y\u00f6netti\u011fi bir devlet yap\u0131lanmas\u0131n\u0131 zaruri g\u00f6r\u00fcr. [&hellip;]<\/p>\n","protected":false},"author":1,"featured_media":0,"parent":0,"menu_order":0,"comment_status":"closed","ping_status":"closed","template":"","meta":{"footnotes":""},"class_list":["post-15","page","type-page","status-publish","hentry"],"_links":{"self":[{"href":"https:\/\/cumhuriyetveistiklalpartisi.org\/index.php?rest_route=\/wp\/v2\/pages\/15","targetHints":{"allow":["GET"]}}],"collection":[{"href":"https:\/\/cumhuriyetveistiklalpartisi.org\/index.php?rest_route=\/wp\/v2\/pages"}],"about":[{"href":"https:\/\/cumhuriyetveistiklalpartisi.org\/index.php?rest_route=\/wp\/v2\/types\/page"}],"author":[{"embeddable":true,"href":"https:\/\/cumhuriyetveistiklalpartisi.org\/index.php?rest_route=\/wp\/v2\/users\/1"}],"replies":[{"embeddable":true,"href":"https:\/\/cumhuriyetveistiklalpartisi.org\/index.php?rest_route=%2Fwp%2Fv2%2Fcomments&post=15"}],"version-history":[{"count":6,"href":"https:\/\/cumhuriyetveistiklalpartisi.org\/index.php?rest_route=\/wp\/v2\/pages\/15\/revisions"}],"predecessor-version":[{"id":1331,"href":"https:\/\/cumhuriyetveistiklalpartisi.org\/index.php?rest_route=\/wp\/v2\/pages\/15\/revisions\/1331"}],"wp:attachment":[{"href":"https:\/\/cumhuriyetveistiklalpartisi.org\/index.php?rest_route=%2Fwp%2Fv2%2Fmedia&parent=15"}],"curies":[{"name":"wp","href":"https:\/\/api.w.org\/{rel}","templated":true}]}}