{"id":1509,"date":"2025-08-17T16:02:54","date_gmt":"2025-08-17T16:02:54","guid":{"rendered":"https:\/\/cumhuriyetveistiklalpartisi.org\/?page_id=1509"},"modified":"2025-08-17T18:13:22","modified_gmt":"2025-08-17T18:13:22","slug":"gida-guvenligi","status":"publish","type":"page","link":"https:\/\/cumhuriyetveistiklalpartisi.org\/?page_id=1509","title":{"rendered":"G\u0131da G\u00fcvenli\u011fi"},"content":{"rendered":"\n<p>G\u0131da G\u00fcvenli\u011fi sa\u011fl\u0131kl\u0131 bir toplumun i\u00e7in gerekliliktir. bu nedenle g\u0131dada hile veya ta\u011f\u015fi\u015f yapt\u0131\u011f\u0131 tespit edilen i\u015fletmelerin \u00fcretim tesisleri tar\u0131m ve orman bakanl\u0131\u011f\u0131na devredilir. makina ve te\u00e7hizat\u0131na el koyulur. \u00fcr\u00fcn\u00fcn ikincil i\u015fletmeye sat\u0131lmas\u0131 h\u00fckme geri b\u0131rakmaz! \u00fcretici firma sorumlulu\u011fu devam eder, h\u00fck\u00fcm uygulan\u0131r. Zirai ila\u00e7larda gerekli limitlerin \u00fczerine \u00e7\u0131kan ve bunu halka ihrta\u00e7 etme c\u00fcretici g\u00f6steren \u00fcreticinin makina ve te\u00e7hizat\u0131na el koyulur.  <\/p>\n","protected":false},"excerpt":{"rendered":"<p>G\u0131da G\u00fcvenli\u011fi sa\u011fl\u0131kl\u0131 bir toplumun i\u00e7in gerekliliktir. bu nedenle g\u0131dada hile veya ta\u011f\u015fi\u015f yapt\u0131\u011f\u0131 tespit edilen i\u015fletmelerin \u00fcretim tesisleri tar\u0131m ve orman bakanl\u0131\u011f\u0131na devredilir. makina ve te\u00e7hizat\u0131na el koyulur. \u00fcr\u00fcn\u00fcn ikincil i\u015fletmeye sat\u0131lmas\u0131 h\u00fckme geri b\u0131rakmaz! \u00fcretici firma sorumlulu\u011fu devam eder, h\u00fck\u00fcm uygulan\u0131r. Zirai ila\u00e7larda gerekli limitlerin \u00fczerine \u00e7\u0131kan ve bunu halka ihrta\u00e7 etme c\u00fcretici [&hellip;]<\/p>\n","protected":false},"author":1,"featured_media":0,"parent":0,"menu_order":0,"comment_status":"closed","ping_status":"closed","template":"","meta":{"footnotes":""},"class_list":["post-1509","page","type-page","status-publish","hentry"],"_links":{"self":[{"href":"https:\/\/cumhuriyetveistiklalpartisi.org\/index.php?rest_route=\/wp\/v2\/pages\/1509","targetHints":{"allow":["GET"]}}],"collection":[{"href":"https:\/\/cumhuriyetveistiklalpartisi.org\/index.php?rest_route=\/wp\/v2\/pages"}],"about":[{"href":"https:\/\/cumhuriyetveistiklalpartisi.org\/index.php?rest_route=\/wp\/v2\/types\/page"}],"author":[{"embeddable":true,"href":"https:\/\/cumhuriyetveistiklalpartisi.org\/index.php?rest_route=\/wp\/v2\/users\/1"}],"replies":[{"embeddable":true,"href":"https:\/\/cumhuriyetveistiklalpartisi.org\/index.php?rest_route=%2Fwp%2Fv2%2Fcomments&post=1509"}],"version-history":[{"count":2,"href":"https:\/\/cumhuriyetveistiklalpartisi.org\/index.php?rest_route=\/wp\/v2\/pages\/1509\/revisions"}],"predecessor-version":[{"id":1561,"href":"https:\/\/cumhuriyetveistiklalpartisi.org\/index.php?rest_route=\/wp\/v2\/pages\/1509\/revisions\/1561"}],"wp:attachment":[{"href":"https:\/\/cumhuriyetveistiklalpartisi.org\/index.php?rest_route=%2Fwp%2Fv2%2Fmedia&parent=1509"}],"curies":[{"name":"wp","href":"https:\/\/api.w.org\/{rel}","templated":true}]}}