{"id":237,"date":"2020-11-24T13:21:59","date_gmt":"2020-11-24T13:21:59","guid":{"rendered":"http:\/\/cumhuriyetveistiklalpartisi.org\/?page_id=237"},"modified":"2025-08-27T08:07:27","modified_gmt":"2025-08-27T08:07:27","slug":"genel-baskan","status":"publish","type":"page","link":"https:\/\/cumhuriyetveistiklalpartisi.org\/?page_id=237","title":{"rendered":"GENEL BA\u015eKAN"},"content":{"rendered":"\n<div class=\"wp-block-media-text alignwide is-stacked-on-mobile\" style=\"grid-template-columns:18% auto\"><figure class=\"wp-block-media-text__media\"><img loading=\"lazy\" decoding=\"async\" width=\"668\" height=\"1024\" src=\"http:\/\/cumhuriyetveistiklalpartisi.org\/wp-content\/uploads\/2020\/11\/profil-2-668x1024.jpg\" alt=\"\" class=\"wp-image-238 size-full\" srcset=\"https:\/\/cumhuriyetveistiklalpartisi.org\/wp-content\/uploads\/2020\/11\/profil-2-668x1024.jpg 668w, https:\/\/cumhuriyetveistiklalpartisi.org\/wp-content\/uploads\/2020\/11\/profil-2-196x300.jpg 196w, https:\/\/cumhuriyetveistiklalpartisi.org\/wp-content\/uploads\/2020\/11\/profil-2-768x1178.jpg 768w, https:\/\/cumhuriyetveistiklalpartisi.org\/wp-content\/uploads\/2020\/11\/profil-2-1002x1536.jpg 1002w, https:\/\/cumhuriyetveistiklalpartisi.org\/wp-content\/uploads\/2020\/11\/profil-2-1335x2048.jpg 1335w, https:\/\/cumhuriyetveistiklalpartisi.org\/wp-content\/uploads\/2020\/11\/profil-2.jpg 1535w\" sizes=\"auto, (max-width: 668px) 100vw, 668px\" \/><\/figure><div class=\"wp-block-media-text__content\">\n<p class=\"has-text-align-center\" style=\"font-size:14px\"><mark style=\"background-color:rgba(0, 0, 0, 0)\" class=\"has-inline-color has-black-color\"><strong>Atakan BOZYAYLA<\/strong><\/mark><\/p>\n\n\n\n<p class=\"has-text-align-center\"><mark style=\"background-color:rgba(0, 0, 0, 0)\" class=\"has-inline-color has-vivid-red-color\"><strong>GENEL BA\u015eKAN<\/strong><\/mark><\/p>\n\n\n\n<p class=\"has-text-align-center\"><mark style=\"background-color:rgba(0, 0, 0, 0)\" class=\"has-inline-color has-black-color\"><strong>Telefon: 0 532 154 33 36<\/strong><\/mark><\/p>\n<\/div><\/div>\n\n\n\n<p><strong>G\u00f6rev, yetki ve sorumluluklar\u0131<\/strong> <\/p>\n\n\n\n<p>Cumhuriyet ve \u0130stikl\u00e2l Partisi\u2019ni Genel Ba\u015fkan temsil eder. Merkez Disiplin Kurulu hari\u00e7,<\/p>\n\n\n\n<p>Cumhuriyet ve \u0130stikl\u00e2l Partisi te\u015fkilatlar\u0131n\u0131n tamam\u0131n\u0131n tabii ba\u015fkan\u0131d\u0131r.<\/p>\n\n\n\n<p>Parti ad\u0131na ba\u011flay\u0131c\u0131 deme\u00e7ler vermeye, tebli\u011f, talimat ve duyurular yay\u0131mlamaya yetkilidir.<\/p>\n\n\n\n<p>Genel Ba\u015fkan bu yetkisini g\u00f6revlendirece\u011fi ki\u015filere de kulland\u0131rabilir.<\/p>\n\n\n\n<p>Genel Ba\u015fkan; Ba\u015fkanl\u0131k Divan\u0131 \u00fcyelerinin g\u00f6rev tan\u0131mlar\u0131yla \u00e7al\u0131\u015fma usul ve esaslar\u0131n\u0131<\/p>\n\n\n\n<p>y\u00f6netmelikle d\u00fczenler. Gerek g\u00f6rmesi halinde g\u00f6rev da\u011f\u0131l\u0131m\u0131n\u0131 de\u011fi\u015ftirir.<\/p>\n\n\n\n<p>Ba\u015fkanl\u0131k Divan\u0131n\u0131 ola\u011fan veya ola\u011fan\u00fcst\u00fc toplant\u0131ya \u00e7a\u011f\u0131r\u0131r, g\u00fcndemini tespit eder.<\/p>\n\n\n\n<p>Bilgi ve tecr\u00fcbelerinden yararlanaca\u011f\u0131 isimleri dan\u0131\u015fman olarak tayin eder. Bu F\u0131kra gere\u011fi<\/p>\n\n\n\n<p>tayin edilen dan\u0131\u015fmanlar\u0131n g\u00f6revi, se\u00e7imli Kurultay ard\u0131ndan yeni Ba\u015fkanl\u0131k Divan\u0131 olu\u015ftu\u011funda<\/p>\n\n\n\n<p>yeniden atanmazlarsa kendili\u011finden sona erer.<\/p>\n\n\n\n<p>Merkez Dan\u0131\u015fma ve Y\u00fcksek \u0130sti\u015fare Kurulu, Parti M\u00fcfetti\u015fli\u011fi, Bilim Y\u00fcksek Kurulunun<\/p>\n\n\n\n<p>kurulmas\u0131na karar verir ve \u00fcyelerini belirler.<\/p>\n\n\n\n<p>Milletvekili aday adaylar\u0131, b\u00fcy\u00fck\u015fehir ve il belediye ba\u015fkan aday adaylar\u0131 hakk\u0131nda, Siyasi<\/p>\n\n\n\n<p>Partiler Kanunu ve se\u00e7im kanunlar\u0131nca belirlenen esaslar ile partinin ilke, karar ve genel<\/p>\n\n\n\n<p>politikalar\u0131na g\u00f6re aday olup olamayacaklar\u0131n\u0131n tespiti i\u00e7in \u00f6n inceleme komisyonu olu\u015fturmak, \u00f6n<\/p>\n\n\n\n<p>inceleme komisyonlar\u0131na bilgi toplamak \u00fczere m\u00fclakat, anket, ara\u015ft\u0131rma gibi y\u00f6ntemlerbelirlemek,<\/p>\n\n\n\n<p>Parti \u0130\u00e7i Demokrasi ve Siyasi Etik Kurulu, \u0130htisas Gruplar\u0131, Parti \u0130\u00e7i E\u011fitim Merkezi ile benzeri<\/p>\n\n\n\n<p>yard\u0131mc\u0131 kurul ve kurulu\u015flar\u0131 kurar ve \u00fcyelerinin se\u00e7imini Genel \u0130dare Kuruluna teklif eder.<\/p>\n\n\n\n<p>Cumhuriyet ve \u0130stikl\u00e2l Partisi T\u00fcz\u00fc\u011f\u00fcne uygun t\u00fcm kurul ve kurulu\u015flarla ilgili y\u00f6netmelikleri<\/p>\n\n\n\n<p>haz\u0131rlat\u0131r ve ilan eder.<\/p>\n\n\n\n<p>Gerekti\u011finde, kendisine vek\u00e2let etmek \u00fczere Ba\u015fkanl\u0131k Divan\u0131 \u00fcyelerinden birisini<\/p>\n\n\n\n<p>g\u00f6revlendirebilir.<\/p>\n\n\n\n<p>Genel \u0130dare Kurulunu ola\u011fan veya ola\u011fan\u00fcst\u00fc toplant\u0131ya \u00e7a\u011f\u0131r\u0131r, g\u00fcndemini tespit eder.<\/p>\n\n\n\n<p>Genel \u0130dare Kurulu ile TBMM Grubu ve te\u015fkilat kademeleri aras\u0131nda \u00e7al\u0131\u015fma ahengini, i\u015f<\/p>\n\n\n\n<p>birli\u011fini sa\u011flar ve kurullara birle\u015fik toplant\u0131lar i\u00e7in \u00e7a\u011fr\u0131 yap\u0131p toplant\u0131lara ba\u015fkanl\u0131k edebilir.<\/p>\n\n\n\n<p>Milletvekili ise T\u00fcrkiye B\u00fcy\u00fck Millet Meclisi Grup Ba\u015fkanl\u0131\u011f\u0131 g\u00f6revini y\u00fcr\u00fct\u00fcr,<\/p>\n\n\n\n<p>Kanun, Cumhuriyet ve \u0130stikl\u00e2l Partisi T\u00fcz\u00fc\u011f\u00fc ve di\u011fer mevzuat\u0131n kendisine vermi\u015f oldu\u011fu t\u00fcm<\/p>\n\n\n\n<p>g\u00f6revleri yapar ve yetkileri kullan\u0131r,<\/p>\n\n\n\n<p>Partiyle ilgili i\u015f ve i\u015flemlerinden dolay\u0131 kurultaya kar\u015f\u0131 sorumludur.<\/p>\n","protected":false},"excerpt":{"rendered":"<p>Atakan BOZYAYLA GENEL BA\u015eKAN Telefon: 0 532 154 33 36 G\u00f6rev, yetki ve sorumluluklar\u0131 Cumhuriyet ve \u0130stikl\u00e2l Partisi\u2019ni Genel Ba\u015fkan temsil eder. Merkez Disiplin Kurulu hari\u00e7, Cumhuriyet ve \u0130stikl\u00e2l Partisi te\u015fkilatlar\u0131n\u0131n tamam\u0131n\u0131n tabii ba\u015fkan\u0131d\u0131r. Parti ad\u0131na ba\u011flay\u0131c\u0131 deme\u00e7ler vermeye, tebli\u011f, talimat ve duyurular yay\u0131mlamaya yetkilidir. Genel Ba\u015fkan bu yetkisini g\u00f6revlendirece\u011fi ki\u015filere de kulland\u0131rabilir. Genel Ba\u015fkan; [&hellip;]<\/p>\n","protected":false},"author":1,"featured_media":0,"parent":0,"menu_order":0,"comment_status":"closed","ping_status":"closed","template":"","meta":{"footnotes":""},"class_list":["post-237","page","type-page","status-publish","hentry"],"_links":{"self":[{"href":"https:\/\/cumhuriyetveistiklalpartisi.org\/index.php?rest_route=\/wp\/v2\/pages\/237","targetHints":{"allow":["GET"]}}],"collection":[{"href":"https:\/\/cumhuriyetveistiklalpartisi.org\/index.php?rest_route=\/wp\/v2\/pages"}],"about":[{"href":"https:\/\/cumhuriyetveistiklalpartisi.org\/index.php?rest_route=\/wp\/v2\/types\/page"}],"author":[{"embeddable":true,"href":"https:\/\/cumhuriyetveistiklalpartisi.org\/index.php?rest_route=\/wp\/v2\/users\/1"}],"replies":[{"embeddable":true,"href":"https:\/\/cumhuriyetveistiklalpartisi.org\/index.php?rest_route=%2Fwp%2Fv2%2Fcomments&post=237"}],"version-history":[{"count":11,"href":"https:\/\/cumhuriyetveistiklalpartisi.org\/index.php?rest_route=\/wp\/v2\/pages\/237\/revisions"}],"predecessor-version":[{"id":1625,"href":"https:\/\/cumhuriyetveistiklalpartisi.org\/index.php?rest_route=\/wp\/v2\/pages\/237\/revisions\/1625"}],"wp:attachment":[{"href":"https:\/\/cumhuriyetveistiklalpartisi.org\/index.php?rest_route=%2Fwp%2Fv2%2Fmedia&parent=237"}],"curies":[{"name":"wp","href":"https:\/\/api.w.org\/{rel}","templated":true}]}}