{"id":574,"date":"2021-06-27T10:30:35","date_gmt":"2021-06-27T10:30:35","guid":{"rendered":"http:\/\/cumhuriyetveistiklalpartisi.org\/?page_id=574"},"modified":"2025-08-27T08:06:40","modified_gmt":"2025-08-27T08:06:40","slug":"adana-il-baskani","status":"publish","type":"page","link":"https:\/\/cumhuriyetveistiklalpartisi.org\/?page_id=574","title":{"rendered":"Adana \u0130l Ba\u015fkanl\u0131\u011f\u0131"},"content":{"rendered":"\n<div class=\"wp-block-media-text alignwide is-stacked-on-mobile\" style=\"grid-template-columns:23% auto\"><figure class=\"wp-block-media-text__media\"><img loading=\"lazy\" decoding=\"async\" width=\"1024\" height=\"1001\" src=\"http:\/\/cumhuriyetveistiklalpartisi.org\/wp-content\/uploads\/2021\/06\/IMG_6473-1024x1001.jpg\" alt=\"\" class=\"wp-image-577 size-full\" srcset=\"https:\/\/cumhuriyetveistiklalpartisi.org\/wp-content\/uploads\/2021\/06\/IMG_6473-1024x1001.jpg 1024w, https:\/\/cumhuriyetveistiklalpartisi.org\/wp-content\/uploads\/2021\/06\/IMG_6473-300x293.jpg 300w, https:\/\/cumhuriyetveistiklalpartisi.org\/wp-content\/uploads\/2021\/06\/IMG_6473-768x751.jpg 768w, https:\/\/cumhuriyetveistiklalpartisi.org\/wp-content\/uploads\/2021\/06\/IMG_6473-1536x1501.jpg 1536w, https:\/\/cumhuriyetveistiklalpartisi.org\/wp-content\/uploads\/2021\/06\/IMG_6473.jpg 1894w\" sizes=\"auto, (max-width: 1024px) 100vw, 1024px\" \/><\/figure><div class=\"wp-block-media-text__content\">\n<p style=\"font-size:24px\"><mark style=\"background-color:rgba(0, 0, 0, 0)\" class=\"has-inline-color has-vivid-red-color\"><strong>Adana \u0130l Ba\u015fkan\u0131<\/strong><\/mark><\/p>\n\n\n\n<p><strong>Evrim KALFA<\/strong><\/p>\n\n\n\n<p><\/p>\n\n\n\n<p style=\"font-size:14px\">Tel: 0 507 989 7313<\/p>\n<\/div><\/div>\n","protected":false},"excerpt":{"rendered":"<p>Adana \u0130l Ba\u015fkan\u0131 Evrim KALFA Tel: 0 507 989 7313<\/p>\n","protected":false},"author":1,"featured_media":0,"parent":0,"menu_order":0,"comment_status":"closed","ping_status":"closed","template":"","meta":{"footnotes":""},"class_list":["post-574","page","type-page","status-publish","hentry"],"_links":{"self":[{"href":"https:\/\/cumhuriyetveistiklalpartisi.org\/index.php?rest_route=\/wp\/v2\/pages\/574","targetHints":{"allow":["GET"]}}],"collection":[{"href":"https:\/\/cumhuriyetveistiklalpartisi.org\/index.php?rest_route=\/wp\/v2\/pages"}],"about":[{"href":"https:\/\/cumhuriyetveistiklalpartisi.org\/index.php?rest_route=\/wp\/v2\/types\/page"}],"author":[{"embeddable":true,"href":"https:\/\/cumhuriyetveistiklalpartisi.org\/index.php?rest_route=\/wp\/v2\/users\/1"}],"replies":[{"embeddable":true,"href":"https:\/\/cumhuriyetveistiklalpartisi.org\/index.php?rest_route=%2Fwp%2Fv2%2Fcomments&post=574"}],"version-history":[{"count":10,"href":"https:\/\/cumhuriyetveistiklalpartisi.org\/index.php?rest_route=\/wp\/v2\/pages\/574\/revisions"}],"predecessor-version":[{"id":1623,"href":"https:\/\/cumhuriyetveistiklalpartisi.org\/index.php?rest_route=\/wp\/v2\/pages\/574\/revisions\/1623"}],"wp:attachment":[{"href":"https:\/\/cumhuriyetveistiklalpartisi.org\/index.php?rest_route=%2Fwp%2Fv2%2Fmedia&parent=574"}],"curies":[{"name":"wp","href":"https:\/\/api.w.org\/{rel}","templated":true}]}}